{"id":13,"date":"2017-01-26T20:50:52","date_gmt":"2017-01-26T19:50:52","guid":{"rendered":"http:\/\/alpina.ba\/?page_id=13"},"modified":"2017-06-15T18:27:34","modified_gmt":"2017-06-15T16:27:34","slug":"fasadne-boje","status":"publish","type":"page","link":"https:\/\/alpina.ba\/?page_id=13","title":{"rendered":"Fasadne boje"},"content":{"rendered":"<div id=\"attachment_53\" style=\"width: 290px\" class=\"wp-caption alignright\"><img loading=\"lazy\" decoding=\"async\" aria-describedby=\"caption-attachment-53\" data-attachment-id=\"53\" data-permalink=\"https:\/\/alpina.ba\/?attachment_id=53\" data-orig-file=\"https:\/\/i0.wp.com\/alpina.ba\/wp-content\/uploads\/2017\/01\/Alpina-Expert-Fassadenfarbe.jpg?fit=280%2C166&amp;ssl=1\" data-orig-size=\"280,166\" data-comments-opened=\"1\" data-image-meta=\"{&quot;aperture&quot;:&quot;0&quot;,&quot;credit&quot;:&quot;&quot;,&quot;camera&quot;:&quot;&quot;,&quot;caption&quot;:&quot;&quot;,&quot;created_timestamp&quot;:&quot;0&quot;,&quot;copyright&quot;:&quot;&quot;,&quot;focal_length&quot;:&quot;0&quot;,&quot;iso&quot;:&quot;0&quot;,&quot;shutter_speed&quot;:&quot;0&quot;,&quot;title&quot;:&quot;&quot;,&quot;orientation&quot;:&quot;0&quot;}\" data-image-title=\"Alpina-Expert-Fassadenfarbe\" data-image-description=\"\" data-image-caption=\"\" data-medium-file=\"https:\/\/i0.wp.com\/alpina.ba\/wp-content\/uploads\/2017\/01\/Alpina-Expert-Fassadenfarbe.jpg?fit=280%2C166&amp;ssl=1\" data-large-file=\"https:\/\/i0.wp.com\/alpina.ba\/wp-content\/uploads\/2017\/01\/Alpina-Expert-Fassadenfarbe.jpg?fit=280%2C166&amp;ssl=1\" class=\"wp-image-53 size-full\" src=\"https:\/\/i0.wp.com\/alpina.ba\/wp-content\/uploads\/2017\/01\/Alpina-Expert-Fassadenfarbe.jpg?resize=280%2C166\" alt=\"Alpina Expert Fassadenfarbe\" width=\"280\" height=\"166\" data-recalc-dims=\"1\" \/><p id=\"caption-attachment-53\" class=\"wp-caption-text\">Alpina Expert Fassadenfarbe<\/p><\/div>\n<p><strong>Alpina Expert Fassadenfarbe<\/strong><\/p>\n<p>Fasadna boja posebno pogodna za nove, nepremazane \u017ebuke kao i prilikom renoviranja na starim premazima koji dobro ve\u017eu te \u010dvrstim, nosivim podlogama. Oja\u010danje siloksanom pru\u017ea optimalnu za\u0161titu od vlage odnosno omogu\u0107ava visoku paropropusnost i dovoljnu propusnost CO2.<\/p>\n<p><strong>Pakiranje:<\/strong> Bijela 5 l i 15 l, ColorExpress 4,5 l i 14,5 l<br \/>\n<strong>Potro\u0161nja:<\/strong> ca. 400\u2013700 g\/m\u00b2 (odn. 240 \u2013 420 ml\/m\u00b2)<\/p>\n<p><a href=\"http:\/\/alpina.ba\/wp-content\/uploads\/2017\/01\/Alpina-Expert-Fassadenfarbe-TI.pdf\">Alpina Expert Fassadenfarbe TI<\/a><\/p>\n<hr \/>\n<div id=\"attachment_52\" style=\"width: 290px\" class=\"wp-caption alignright\"><img loading=\"lazy\" decoding=\"async\" aria-describedby=\"caption-attachment-52\" data-attachment-id=\"52\" data-permalink=\"https:\/\/alpina.ba\/?attachment_id=52\" data-orig-file=\"https:\/\/i0.wp.com\/alpina.ba\/wp-content\/uploads\/2017\/01\/Alpina-COLOR-Fassadenfarbe.jpg?fit=280%2C253&amp;ssl=1\" data-orig-size=\"280,253\" data-comments-opened=\"1\" data-image-meta=\"{&quot;aperture&quot;:&quot;0&quot;,&quot;credit&quot;:&quot;&quot;,&quot;camera&quot;:&quot;&quot;,&quot;caption&quot;:&quot;&quot;,&quot;created_timestamp&quot;:&quot;0&quot;,&quot;copyright&quot;:&quot;&quot;,&quot;focal_length&quot;:&quot;0&quot;,&quot;iso&quot;:&quot;0&quot;,&quot;shutter_speed&quot;:&quot;0&quot;,&quot;title&quot;:&quot;&quot;,&quot;orientation&quot;:&quot;0&quot;}\" data-image-title=\"Alpina-COLOR-Fassadenfarbe\" data-image-description=\"\" data-image-caption=\"\" data-medium-file=\"https:\/\/i0.wp.com\/alpina.ba\/wp-content\/uploads\/2017\/01\/Alpina-COLOR-Fassadenfarbe.jpg?fit=280%2C253&amp;ssl=1\" data-large-file=\"https:\/\/i0.wp.com\/alpina.ba\/wp-content\/uploads\/2017\/01\/Alpina-COLOR-Fassadenfarbe.jpg?fit=280%2C253&amp;ssl=1\" class=\"wp-image-52 size-full\" src=\"https:\/\/i0.wp.com\/alpina.ba\/wp-content\/uploads\/2017\/01\/Alpina-COLOR-Fassadenfarbe.jpg?resize=280%2C253\" alt=\"Alpina COLOR Fassadenfarbe\" width=\"280\" height=\"253\" data-recalc-dims=\"1\" \/><p id=\"caption-attachment-52\" class=\"wp-caption-text\">Alpina COLOR Fassadenfarbe<\/p><\/div>\n<p><strong>Alpina COLOR Fassadenfarbe<\/strong><\/p>\n<p>Fasadna dugotrajna za\u0161tita od vremenskih utjecaja, oplemenjena silikonom. Postojana na vremenske uvjete, dobre pokrivnosti, visoke vodoodbojnosti. Paropropusna, zadr\u017eava strukturu podloge i vrlo izda\u0161na. Jednostavna za obradu.<\/p>\n<p><strong>Pakiranje:<\/strong> 2,5l , 5l, 10 l<br \/>\n<strong>Potro\u0161nja:<\/strong> ca. 110 ml\/m\u00b2<\/p>\n<p><a href=\"http:\/\/alpina.ba\/wp-content\/uploads\/2017\/01\/Alpina-COLOR-Fassadenfarbe-TI.pdf\">Alpina COLOR Fassadenfarbe TI<\/a><\/p>\n<hr \/>\n<div id=\"attachment_173\" style=\"width: 274px\" class=\"wp-caption alignright\"><img loading=\"lazy\" decoding=\"async\" aria-describedby=\"caption-attachment-173\" data-attachment-id=\"173\" data-permalink=\"https:\/\/alpina.ba\/?attachment_id=173\" data-orig-file=\"https:\/\/i0.wp.com\/alpina.ba\/wp-content\/uploads\/2017\/01\/Alpina-Fassade1.jpg?fit=280%2C242&amp;ssl=1\" data-orig-size=\"280,242\" data-comments-opened=\"1\" data-image-meta=\"{&quot;aperture&quot;:&quot;0&quot;,&quot;credit&quot;:&quot;&quot;,&quot;camera&quot;:&quot;&quot;,&quot;caption&quot;:&quot;&quot;,&quot;created_timestamp&quot;:&quot;0&quot;,&quot;copyright&quot;:&quot;&quot;,&quot;focal_length&quot;:&quot;0&quot;,&quot;iso&quot;:&quot;0&quot;,&quot;shutter_speed&quot;:&quot;0&quot;,&quot;title&quot;:&quot;&quot;,&quot;orientation&quot;:&quot;0&quot;}\" data-image-title=\"Alpina-Fassade1\" data-image-description=\"\" data-image-caption=\"\" data-medium-file=\"https:\/\/i0.wp.com\/alpina.ba\/wp-content\/uploads\/2017\/01\/Alpina-Fassade1.jpg?fit=280%2C242&amp;ssl=1\" data-large-file=\"https:\/\/i0.wp.com\/alpina.ba\/wp-content\/uploads\/2017\/01\/Alpina-Fassade1.jpg?fit=280%2C242&amp;ssl=1\" class=\"wp-image-173 \" src=\"https:\/\/i0.wp.com\/alpina.ba\/wp-content\/uploads\/2017\/01\/Alpina-Fassade1.jpg?resize=264%2C228\" alt=\"Alpina Fassade\" width=\"264\" height=\"228\" data-recalc-dims=\"1\" \/><p id=\"caption-attachment-173\" class=\"wp-caption-text\">Alpina Fassade<\/p><\/div>\n<p><strong>Alpina Fassade<\/strong><\/p>\n<p>Fasadna boja koja dugotrajno \u0161titi od vremenskih utjecaja i zaprljanja te nudu optimalnu za\u0161titu od vlage zbog svoje visoke paropropusnosti. Posebno je preporu\u010dljiva za premazivanje novih \u017ebuka, kao i kod renoviranja, na \u010dvrstim, nosivim podlogama.<\/p>\n<p><strong>Pakiranje:<\/strong> 5l, 10l, 15l<br \/>\n<strong>Potro\u0161nja:<\/strong> ca. 400\u2013500 ml\/m\u00b2<\/p>\n<p>&nbsp;<\/p>\n<hr \/>\n<p>&nbsp;<\/p>\n","protected":false},"excerpt":{"rendered":"<p>Alpina Expert Fassadenfarbe Fasadna boja posebno pogodna za nove, nepremazane \u017ebuke kao i prilikom renoviranja na starim premazima koji dobro ve\u017eu te \u010dvrstim, nosivim podlogama. Oja\u010danje siloksanom pru\u017ea optimalnu za\u0161titu od vlage odnosno omogu\u0107ava visoku paropropusnost i dovoljnu propusnost CO2. &hellip; <a href=\"https:\/\/alpina.ba\/?page_id=13\">Nastavi \u010ditati <span class=\"meta-nav\">&rarr;<\/span><\/a><\/p>\n","protected":false},"author":1,"featured_media":0,"parent":0,"menu_order":0,"comment_status":"closed","ping_status":"closed","template":"","meta":{"jetpack_post_was_ever_published":false,"footnotes":""},"class_list":["post-13","page","type-page","status-publish","hentry"],"jetpack_sharing_enabled":true,"jetpack_shortlink":"https:\/\/wp.me\/P8kWeJ-d","jetpack-related-posts":[{"id":10,"url":"https:\/\/alpina.ba\/?page_id=10","url_meta":{"origin":13,"position":0},"title":"Temeljni premazi","date":"26\/01\/2017","format":false,"excerpt":"Alpina Expert Unigrund Sredstvo za grundiranje, bez otapala, namijenjeno za izjedna\u010davanje upojnosti podloge. Posebno je pogodan za sve unutarnje i vanjske upojne, osipaju\u0107e i kredaste podloge kao \u0161to su zid, \u017ebuke, beton, Ytong, gips-kartonske plo\u010de. Pripremljen za upotrebu, bez otapala. Pakiranje: 5 l, 10 l Potro\u0161nja: ca. 150\u2013250 g\/m\u00b2 Alpina\u2026","rel":"","context":"Similar post","img":{"alt_text":"","src":"","width":0,"height":0},"classes":[]},{"id":12,"url":"https:\/\/alpina.ba\/?page_id=12","url_meta":{"origin":13,"position":1},"title":"Unutarnje boje","date":"26\/01\/2017","format":false,"excerpt":"Alpinawei\u00df Das Original Alpinawei\u00df Das Original Najprodavanija Europska unutarnja boja! Unutarnja disperzivna boja vrhunske pokrivnosti, najvi\u0161e klase. Namijenjena za premazivanje zidova, izvanredno prikladna za nove unutarnje premaze kao i premaze kod renoviranja unutarnjih prostora. Pakiranje:Potro\u0161nja: 1 l dostatna za ca. 7,5 m\u00b2 Alpinaweiss Das Original TI Alpina Malerweiss Alpina Malerweiss\u2026","rel":"","context":"Similar post","img":{"alt_text":"","src":"https:\/\/i0.wp.com\/alpina.ba\/wp-content\/uploads\/2019\/02\/Alpinaweiss_Das_Original_10L.jpg?resize=350%2C200&ssl=1","width":350,"height":200},"classes":[]},{"id":14,"url":"https:\/\/alpina.ba\/?page_id=14","url_meta":{"origin":13,"position":2},"title":"Ljepila, armirne i glet mase","date":"26\/01\/2017","format":false,"excerpt":"Alpina Expert Baukleber Baukleber je mineralni cementno-vapneni suhi mort na bazi modificirane umjetne smole univerzalne primjene, kao i za lijepljenje EPS-fasadnih izolacijskih plo\u010da i kamene vune. Pakiranje: 25 kgPotro\u0161nja: lijepljenje: ca. 3-5 kg\/m\u00b2 Alpina Expert Baukleber TI \u00a0 Alpina Expert Klebespachtel Ljepilo i masa za gletanje za povezane sustave za\u2026","rel":"","context":"Similar post","img":{"alt_text":"","src":"","width":0,"height":0},"classes":[]},{"id":15,"url":"https:\/\/alpina.ba\/?page_id=15","url_meta":{"origin":13,"position":3},"title":"Zavr\u0161ne \u017ebuke","date":"26\/01\/2017","format":false,"excerpt":"Alpina Expert Strukturputz Strukturna \u017ebuka na bazi umjetne smole za fasadne povr\u0161ine i kao zavr\u0161ni sloj u povezanim sustavima za toplinsku izolaciju. Pakiranje: 25 kg Potro\u0161nja: ovisno o veli\u010dini zrna Granulacija: 1,0 mm, 1,5 mm, 2,0 mm Alpina Expert Strukturputz TI Alpina Expert Rillenputz Strukturna \u017ebuka \u017eljebaste (vu\u010dene) strukture na\u2026","rel":"","context":"Similar post","img":{"alt_text":"","src":"","width":0,"height":0},"classes":[]},{"id":17,"url":"https:\/\/alpina.ba\/?page_id=17","url_meta":{"origin":13,"position":4},"title":"Lazure","date":"26\/01\/2017","format":false,"excerpt":"Alpina Expressgrund Transparentni temeljni premaz na vodenoj bazi za drvo u vanjskom prostoru. Osigurava ravnomjernu upojnost podloge te je \u010dini boljom za naredne premaze u vanjskom podru\u010dju. Za balkone, oplate pro\u010delja, ograde, pergole, nadstre\u0161nice za automobile, ljepila za drvene spojeve i drvene ku\u0107e. Pakiranje: 0,75 l, 2,5 l Potro\u0161nja: 1\u2026","rel":"","context":"Similar post","img":{"alt_text":"","src":"","width":0,"height":0},"classes":[]},{"id":16,"url":"https:\/\/alpina.ba\/?page_id=16","url_meta":{"origin":13,"position":5},"title":"Lakovi","date":"26\/01\/2017","format":false,"excerpt":"Alpina Uni-Primer Temeljni premaz za unutarnje, vanjske i zapunjuju\u0107e premaze koji dobro ve\u017ee. Pogodan za drvo, metal, lesonit i ivericu, kao i za nosive stare premaze. Brzo se su\u0161i i mo\u017ee se univerzalno premazivati. Potro\u0161nja: ca. 100 ml\/m\u00b2 \u00a0 Alpina Uni Primer TI \u00a0 Alpina\u00a0Direkt auf Rost Za\u0161titni lak za\u2026","rel":"","context":"Similar post","img":{"alt_text":"","src":"","width":0,"height":0},"classes":[]}],"_links":{"self":[{"href":"https:\/\/alpina.ba\/index.php?rest_route=\/wp\/v2\/pages\/13","targetHints":{"allow":["GET"]}}],"collection":[{"href":"https:\/\/alpina.ba\/index.php?rest_route=\/wp\/v2\/pages"}],"about":[{"href":"https:\/\/alpina.ba\/index.php?rest_route=\/wp\/v2\/types\/page"}],"author":[{"embeddable":true,"href":"https:\/\/alpina.ba\/index.php?rest_route=\/wp\/v2\/users\/1"}],"replies":[{"embeddable":true,"href":"https:\/\/alpina.ba\/index.php?rest_route=%2Fwp%2Fv2%2Fcomments&post=13"}],"version-history":[{"count":5,"href":"https:\/\/alpina.ba\/index.php?rest_route=\/wp\/v2\/pages\/13\/revisions"}],"predecessor-version":[{"id":174,"href":"https:\/\/alpina.ba\/index.php?rest_route=\/wp\/v2\/pages\/13\/revisions\/174"}],"wp:attachment":[{"href":"https:\/\/alpina.ba\/index.php?rest_route=%2Fwp%2Fv2%2Fmedia&parent=13"}],"curies":[{"name":"wp","href":"https:\/\/api.w.org\/{rel}","templated":true}]}}