{"id":14,"date":"2017-01-26T20:50:52","date_gmt":"2017-01-26T19:50:52","guid":{"rendered":"http:\/\/alpina.ba\/?page_id=14"},"modified":"2019-01-26T18:06:37","modified_gmt":"2019-01-26T17:06:37","slug":"ljepila-armirne-i-glet-mase","status":"publish","type":"page","link":"https:\/\/alpina.ba\/?page_id=14","title":{"rendered":"Ljepila, armirne i glet mase"},"content":{"rendered":"<div id=\"attachment_107\" style=\"width: 184px\" class=\"wp-caption alignright\"><img loading=\"lazy\" decoding=\"async\" aria-describedby=\"caption-attachment-107\" data-attachment-id=\"107\" data-permalink=\"https:\/\/alpina.ba\/?attachment_id=107\" data-orig-file=\"https:\/\/i0.wp.com\/alpina.ba\/wp-content\/uploads\/2017\/01\/Alpina-Expert-Baukleber.jpg?fit=174%2C258&amp;ssl=1\" data-orig-size=\"174,258\" data-comments-opened=\"1\" data-image-meta=\"{&quot;aperture&quot;:&quot;0&quot;,&quot;credit&quot;:&quot;&quot;,&quot;camera&quot;:&quot;&quot;,&quot;caption&quot;:&quot;&quot;,&quot;created_timestamp&quot;:&quot;0&quot;,&quot;copyright&quot;:&quot;&quot;,&quot;focal_length&quot;:&quot;0&quot;,&quot;iso&quot;:&quot;0&quot;,&quot;shutter_speed&quot;:&quot;0&quot;,&quot;title&quot;:&quot;&quot;,&quot;orientation&quot;:&quot;0&quot;}\" data-image-title=\"Alpina-Expert-Baukleber\" data-image-description=\"\" data-image-caption=\"\" data-medium-file=\"https:\/\/i0.wp.com\/alpina.ba\/wp-content\/uploads\/2017\/01\/Alpina-Expert-Baukleber.jpg?fit=174%2C258&amp;ssl=1\" data-large-file=\"https:\/\/i0.wp.com\/alpina.ba\/wp-content\/uploads\/2017\/01\/Alpina-Expert-Baukleber.jpg?fit=174%2C258&amp;ssl=1\" class=\"wp-image-107 size-full\" src=\"https:\/\/i0.wp.com\/alpina.ba\/wp-content\/uploads\/2017\/01\/Alpina-Expert-Baukleber.jpg?resize=174%2C258\" alt=\"Alpina Expert Baukleber\" width=\"174\" height=\"258\" data-recalc-dims=\"1\" \/><p id=\"caption-attachment-107\" class=\"wp-caption-text\">Alpina Expert Baukleber<\/p><\/div>\n<p><strong>Alpina Expert Baukleber<\/strong><\/p>\n<p>Baukleber je mineralni cementno-vapneni suhi mort na bazi modificirane umjetne smole univerzalne primjene, kao i za lijepljenje EPS-fasadnih izolacijskih plo\u010da i kamene vune.<\/p>\n<p><strong>Pakiranje:<\/strong> 25 kg<br \/><strong>Potro\u0161nja:<\/strong> lijepljenje: ca. 3-5 kg\/m\u00b2<\/p>\n<p><a href=\"http:\/\/alpina.ba\/wp-content\/uploads\/2017\/01\/Alpina-Expert-Baukleber-TI.pdf\">Alpina Expert Baukleber TI<\/a><\/p>\n<hr \/>\n<div id=\"attachment_106\" style=\"width: 176px\" class=\"wp-caption alignright\"><img loading=\"lazy\" decoding=\"async\" aria-describedby=\"caption-attachment-106\" data-attachment-id=\"106\" data-permalink=\"https:\/\/alpina.ba\/?attachment_id=106\" data-orig-file=\"https:\/\/i0.wp.com\/alpina.ba\/wp-content\/uploads\/2017\/01\/Alpina-Expert-Klebespachtel.jpg?fit=166%2C246&amp;ssl=1\" data-orig-size=\"166,246\" data-comments-opened=\"1\" data-image-meta=\"{&quot;aperture&quot;:&quot;0&quot;,&quot;credit&quot;:&quot;&quot;,&quot;camera&quot;:&quot;&quot;,&quot;caption&quot;:&quot;&quot;,&quot;created_timestamp&quot;:&quot;0&quot;,&quot;copyright&quot;:&quot;&quot;,&quot;focal_length&quot;:&quot;0&quot;,&quot;iso&quot;:&quot;0&quot;,&quot;shutter_speed&quot;:&quot;0&quot;,&quot;title&quot;:&quot;&quot;,&quot;orientation&quot;:&quot;0&quot;}\" data-image-title=\"Alpina-Expert-Klebespachtel\" data-image-description=\"\" data-image-caption=\"\" data-medium-file=\"https:\/\/i0.wp.com\/alpina.ba\/wp-content\/uploads\/2017\/01\/Alpina-Expert-Klebespachtel.jpg?fit=166%2C246&amp;ssl=1\" data-large-file=\"https:\/\/i0.wp.com\/alpina.ba\/wp-content\/uploads\/2017\/01\/Alpina-Expert-Klebespachtel.jpg?fit=166%2C246&amp;ssl=1\" class=\"wp-image-106 size-full\" src=\"https:\/\/i0.wp.com\/alpina.ba\/wp-content\/uploads\/2017\/01\/Alpina-Expert-Klebespachtel.jpg?resize=166%2C246\" alt=\"Alpina Expert Klebespachtel\" width=\"166\" height=\"246\" data-recalc-dims=\"1\" \/><p id=\"caption-attachment-106\" class=\"wp-caption-text\">Alpina Expert Klebespachtel<\/p><\/div>\n<p>\u00a0<\/p>\n<p><strong>Alpina Expert Klebespachtel<\/strong><\/p>\n<p>Ljepilo i masa za gletanje za povezane sustave za toplinsku izolaciju, ve\u017ee mineralno hidrauli\u010dki, namijenjeno za lijepljenje i armiranje fasadnih izolacijskih plo\u010da.<\/p>\n<p><strong>Pakiranje:<\/strong> 25 kg<\/p>\n<p><strong>Potro\u0161nja:<\/strong><br \/>lijepljenje: ca. 3-5 kg\/m\u00b2<br \/>armiranje: ca. 3-5 kg\/m\u00b2<\/p>\n<p><a href=\"http:\/\/alpina.ba\/wp-content\/uploads\/2017\/01\/Alpina-Expert-Klebespachtel-TI.pdf\">Alpina Expert Klebespachtel TI<\/a><\/p>\n<hr \/>\n<div id=\"attachment_105\" style=\"width: 172px\" class=\"wp-caption alignright\"><img loading=\"lazy\" decoding=\"async\" aria-describedby=\"caption-attachment-105\" data-attachment-id=\"105\" data-permalink=\"https:\/\/alpina.ba\/?attachment_id=105\" data-orig-file=\"https:\/\/i0.wp.com\/alpina.ba\/wp-content\/uploads\/2017\/01\/Alpina-Expert-Klebespachtel-Plus.jpg?fit=162%2C272&amp;ssl=1\" data-orig-size=\"162,272\" data-comments-opened=\"1\" data-image-meta=\"{&quot;aperture&quot;:&quot;0&quot;,&quot;credit&quot;:&quot;&quot;,&quot;camera&quot;:&quot;&quot;,&quot;caption&quot;:&quot;&quot;,&quot;created_timestamp&quot;:&quot;0&quot;,&quot;copyright&quot;:&quot;&quot;,&quot;focal_length&quot;:&quot;0&quot;,&quot;iso&quot;:&quot;0&quot;,&quot;shutter_speed&quot;:&quot;0&quot;,&quot;title&quot;:&quot;&quot;,&quot;orientation&quot;:&quot;0&quot;}\" data-image-title=\"Alpina-Expert-Klebespachtel-Plus\" data-image-description=\"\" data-image-caption=\"\" data-medium-file=\"https:\/\/i0.wp.com\/alpina.ba\/wp-content\/uploads\/2017\/01\/Alpina-Expert-Klebespachtel-Plus.jpg?fit=162%2C272&amp;ssl=1\" data-large-file=\"https:\/\/i0.wp.com\/alpina.ba\/wp-content\/uploads\/2017\/01\/Alpina-Expert-Klebespachtel-Plus.jpg?fit=162%2C272&amp;ssl=1\" class=\"wp-image-105 size-full\" src=\"https:\/\/i0.wp.com\/alpina.ba\/wp-content\/uploads\/2017\/01\/Alpina-Expert-Klebespachtel-Plus.jpg?resize=162%2C272\" alt=\"Alpina Expert Klebespachtel Plus\" width=\"162\" height=\"272\" data-recalc-dims=\"1\" \/><p id=\"caption-attachment-105\" class=\"wp-caption-text\">Alpina Expert Klebespachtel Plus<\/p><\/div>\n<p>\u00a0<\/p>\n<p><strong>Alpina Expert Klebespachtel Plus<\/strong><\/p>\n<p>Ljepilo i masa za gletanje za povezane sustave za toplinsku izolaciju, ve\u017ee mineralno hidrauli\u010dki. Za lijepljenje i armiranje fasadnih izolacijskih plo\u010da.<\/p>\n<p><strong>Pakiranje:<\/strong> 25 kg<\/p>\n<p><strong>Potro\u0161nja:<\/strong><br \/>lijepljenje: ca. 4,5 kg\/m\u00b2<br \/>armiranje: ca. 4,5 kg\/m\u00b2<\/p>\n<p><a href=\"http:\/\/alpina.ba\/wp-content\/uploads\/2017\/01\/Alpina-Expert-Klebespachtel-Plus-TI.pdf\">Alpina Expert Klebespachtel Plus TI<\/a><\/p>\n<hr \/>\n<div id=\"attachment_104\" style=\"width: 174px\" class=\"wp-caption alignright\"><img loading=\"lazy\" decoding=\"async\" aria-describedby=\"caption-attachment-104\" data-attachment-id=\"104\" data-permalink=\"https:\/\/alpina.ba\/?attachment_id=104\" data-orig-file=\"https:\/\/i0.wp.com\/alpina.ba\/wp-content\/uploads\/2017\/01\/Alpina-Expert-Fliesenkleber.jpg?fit=164%2C276&amp;ssl=1\" data-orig-size=\"164,276\" data-comments-opened=\"1\" data-image-meta=\"{&quot;aperture&quot;:&quot;0&quot;,&quot;credit&quot;:&quot;&quot;,&quot;camera&quot;:&quot;&quot;,&quot;caption&quot;:&quot;&quot;,&quot;created_timestamp&quot;:&quot;0&quot;,&quot;copyright&quot;:&quot;&quot;,&quot;focal_length&quot;:&quot;0&quot;,&quot;iso&quot;:&quot;0&quot;,&quot;shutter_speed&quot;:&quot;0&quot;,&quot;title&quot;:&quot;&quot;,&quot;orientation&quot;:&quot;0&quot;}\" data-image-title=\"Alpina-Expert-Fliesenkleber\" data-image-description=\"\" data-image-caption=\"\" data-medium-file=\"https:\/\/i0.wp.com\/alpina.ba\/wp-content\/uploads\/2017\/01\/Alpina-Expert-Fliesenkleber.jpg?fit=164%2C276&amp;ssl=1\" data-large-file=\"https:\/\/i0.wp.com\/alpina.ba\/wp-content\/uploads\/2017\/01\/Alpina-Expert-Fliesenkleber.jpg?fit=164%2C276&amp;ssl=1\" class=\"wp-image-104 size-full\" src=\"https:\/\/i0.wp.com\/alpina.ba\/wp-content\/uploads\/2017\/01\/Alpina-Expert-Fliesenkleber.jpg?resize=164%2C276\" alt=\"Alpina Expert Fliesenkleber\" width=\"164\" height=\"276\" data-recalc-dims=\"1\" \/><p id=\"caption-attachment-104\" class=\"wp-caption-text\">Alpina Expert Fliesenkleber<\/p><\/div>\n<p>\u00a0<\/p>\n<p><strong>Alpina Expert Fliesenkleber<\/strong><\/p>\n<p>Univerzalno fleksibilno ljepilo za plo\u010dice, za unutarnju i vanjsku primjenu, postojano i izdr\u017eljivo, prikladno za lijepljenje kerami\u010dkih zidnih i podnih plo\u010dica, te plo\u010dica od kamena, kao i za polaganje dekorativnih plo\u010da od ispranog betona odnosno drugih gotovih betonskih plo\u010da.<\/p>\n<p><strong>Pakiranje:<\/strong> 25 kg<br \/><strong>Potro\u0161nja:<\/strong> ca. 3-5 kg\/m\u00b2<\/p>\n<p><a href=\"http:\/\/alpina.ba\/wp-content\/uploads\/2019\/01\/Alpina-Expert-Fliesenkleber-Flexibel-TI.pdf\">Alpina Expert Fliesenkleber Flexibel TI<\/a><\/p>\n<hr \/>\n<div id=\"attachment_103\" style=\"width: 292px\" class=\"wp-caption alignright\"><img loading=\"lazy\" decoding=\"async\" aria-describedby=\"caption-attachment-103\" data-attachment-id=\"103\" data-permalink=\"https:\/\/alpina.ba\/?attachment_id=103\" data-orig-file=\"https:\/\/i0.wp.com\/alpina.ba\/wp-content\/uploads\/2017\/01\/Alpina-Expert-Fertigspachtel.jpg?fit=282%2C152&amp;ssl=1\" data-orig-size=\"282,152\" data-comments-opened=\"1\" data-image-meta=\"{&quot;aperture&quot;:&quot;0&quot;,&quot;credit&quot;:&quot;&quot;,&quot;camera&quot;:&quot;&quot;,&quot;caption&quot;:&quot;&quot;,&quot;created_timestamp&quot;:&quot;0&quot;,&quot;copyright&quot;:&quot;&quot;,&quot;focal_length&quot;:&quot;0&quot;,&quot;iso&quot;:&quot;0&quot;,&quot;shutter_speed&quot;:&quot;0&quot;,&quot;title&quot;:&quot;&quot;,&quot;orientation&quot;:&quot;0&quot;}\" data-image-title=\"Alpina-Expert-Fertigspachtel\" data-image-description=\"\" data-image-caption=\"\" data-medium-file=\"https:\/\/i0.wp.com\/alpina.ba\/wp-content\/uploads\/2017\/01\/Alpina-Expert-Fertigspachtel.jpg?fit=282%2C152&amp;ssl=1\" data-large-file=\"https:\/\/i0.wp.com\/alpina.ba\/wp-content\/uploads\/2017\/01\/Alpina-Expert-Fertigspachtel.jpg?fit=282%2C152&amp;ssl=1\" class=\"wp-image-103 size-full\" src=\"https:\/\/i0.wp.com\/alpina.ba\/wp-content\/uploads\/2017\/01\/Alpina-Expert-Fertigspachtel.jpg?resize=282%2C152\" alt=\"Alpina Expert Fertigspachtel\" width=\"282\" height=\"152\" data-recalc-dims=\"1\" \/><p id=\"caption-attachment-103\" class=\"wp-caption-text\">Alpina Expert Fertigspachtel<\/p><\/div>\n<p>\u00a0<\/p>\n<p><strong>Alpina Expert Fertigspachtel<\/strong><\/p>\n<p>Univerzalna unutarnja \u0161pahtl masa namijenjena za popravljanje manjih pukotina, pogre\u0161aka i riseva na glatkim \u017ebukanim i betonskim povr\u0161inama.<\/p>\n<p><strong>Pakiranje:<\/strong> 15 kg<br \/><strong>Potro\u0161nja:<\/strong> ca. 1,2 kg\/m\u00b2\/mm debljine<\/p>\n<p><a href=\"http:\/\/alpina.ba\/wp-content\/uploads\/2019\/01\/Alpina-Expert-Fliesenkleber-Flexibel-TI.pdf\">Alpina Expert Fliesenkleber Flexibel TI<\/a><\/p>\n<hr \/>\n<p><strong>Alpina Expert\u00a0\u2013 GipsSpachtel Weiss<\/strong><\/p>\n<div id=\"attachment_199\" style=\"width: 164px\" class=\"wp-caption alignright\"><img loading=\"lazy\" decoding=\"async\" aria-describedby=\"caption-attachment-199\" data-attachment-id=\"199\" data-permalink=\"https:\/\/alpina.ba\/?attachment_id=199\" data-orig-file=\"https:\/\/i0.wp.com\/alpina.ba\/wp-content\/uploads\/2019\/01\/Alpina-Ekspert-GipsSpachtel-Weiss-e1548521762264.jpg?fit=150%2C292&amp;ssl=1\" data-orig-size=\"150,292\" data-comments-opened=\"1\" data-image-meta=\"{&quot;aperture&quot;:&quot;2.2&quot;,&quot;credit&quot;:&quot;&quot;,&quot;camera&quot;:&quot;WAS-LX1&quot;,&quot;caption&quot;:&quot;btr&quot;,&quot;created_timestamp&quot;:&quot;1548251248&quot;,&quot;copyright&quot;:&quot;&quot;,&quot;focal_length&quot;:&quot;3.83&quot;,&quot;iso&quot;:&quot;100&quot;,&quot;shutter_speed&quot;:&quot;0.03&quot;,&quot;title&quot;:&quot;btr&quot;,&quot;orientation&quot;:&quot;0&quot;}\" data-image-title=\"Alpina Expert \u2013 GipsSpachtel Weiss\" data-image-description=\"\" data-image-caption=\"&lt;p&gt;Alpina Expert \u2013 GipsSpachtel Weiss&lt;\/p&gt;\n\" data-medium-file=\"https:\/\/i0.wp.com\/alpina.ba\/wp-content\/uploads\/2019\/01\/Alpina-Ekspert-GipsSpachtel-Weiss-e1548521762264.jpg?fit=154%2C300&amp;ssl=1\" data-large-file=\"https:\/\/i0.wp.com\/alpina.ba\/wp-content\/uploads\/2019\/01\/Alpina-Ekspert-GipsSpachtel-Weiss-e1548521762264.jpg?fit=526%2C1024&amp;ssl=1\" class=\"size-medium wp-image-199\" src=\"https:\/\/i0.wp.com\/alpina.ba\/wp-content\/uploads\/2019\/01\/Alpina-Ekspert-GipsSpachtel-Weiss.jpg?resize=154%2C300\" alt=\"\" width=\"154\" height=\"300\" data-recalc-dims=\"1\" \/><p id=\"caption-attachment-199\" class=\"wp-caption-text\">Alpina Expert \u2013 GipsSpachtel Weiss<\/p><\/div>\n<p>Gipsana masa za gletanje unutarnjih zidnih i stropnih povr\u0161ina.<\/p>\n<p>\u00a0<\/p>\n<p><strong>Pakiranje:<\/strong>\u00a020 kg<br \/><strong>Potro\u0161nja:<\/strong> ca. 0,8 kg\/m\u00b2\/mm debljine<\/p>\n<p>\u00a0<\/p>\n<p><a href=\"http:\/\/alpina.ba\/wp-content\/uploads\/2019\/01\/Alpina-Expert-\u2013-GipsSpachtel-Weiss-TI.pdf\">Alpina Expert \u2013 GipsSpachtel Weiss TI<\/a><\/p>\n<p>\u00a0<\/p>\n<p>\u00a0<\/p>\n<p>\u00a0<\/p>\n<hr \/>\n<p>\u00a0<\/p>\n\n\n<p><\/p>\n","protected":false},"excerpt":{"rendered":"<p>Alpina Expert Baukleber Baukleber je mineralni cementno-vapneni suhi mort na bazi modificirane umjetne smole univerzalne primjene, kao i za lijepljenje EPS-fasadnih izolacijskih plo\u010da i kamene vune. Pakiranje: 25 kgPotro\u0161nja: lijepljenje: ca. 3-5 kg\/m\u00b2 Alpina Expert Baukleber TI \u00a0 Alpina Expert &hellip; <a href=\"https:\/\/alpina.ba\/?page_id=14\">Nastavi \u010ditati <span class=\"meta-nav\">&rarr;<\/span><\/a><\/p>\n","protected":false},"author":1,"featured_media":0,"parent":0,"menu_order":0,"comment_status":"closed","ping_status":"closed","template":"","meta":{"jetpack_post_was_ever_published":false,"footnotes":""},"class_list":["post-14","page","type-page","status-publish","hentry"],"jetpack_sharing_enabled":true,"jetpack_shortlink":"https:\/\/wp.me\/P8kWeJ-e","jetpack-related-posts":[{"id":15,"url":"https:\/\/alpina.ba\/?page_id=15","url_meta":{"origin":14,"position":0},"title":"Zavr\u0161ne \u017ebuke","date":"26\/01\/2017","format":false,"excerpt":"Alpina Expert Strukturputz Strukturna \u017ebuka na bazi umjetne smole za fasadne povr\u0161ine i kao zavr\u0161ni sloj u povezanim sustavima za toplinsku izolaciju. Pakiranje: 25 kg Potro\u0161nja: ovisno o veli\u010dini zrna Granulacija: 1,0 mm, 1,5 mm, 2,0 mm Alpina Expert Strukturputz TI Alpina Expert Rillenputz Strukturna \u017ebuka \u017eljebaste (vu\u010dene) strukture na\u2026","rel":"","context":"Similar post","img":{"alt_text":"","src":"","width":0,"height":0},"classes":[]},{"id":10,"url":"https:\/\/alpina.ba\/?page_id=10","url_meta":{"origin":14,"position":1},"title":"Temeljni premazi","date":"26\/01\/2017","format":false,"excerpt":"Alpina Expert Unigrund Sredstvo za grundiranje, bez otapala, namijenjeno za izjedna\u010davanje upojnosti podloge. Posebno je pogodan za sve unutarnje i vanjske upojne, osipaju\u0107e i kredaste podloge kao \u0161to su zid, \u017ebuke, beton, Ytong, gips-kartonske plo\u010de. Pripremljen za upotrebu, bez otapala. Pakiranje: 5 l, 10 l Potro\u0161nja: ca. 150\u2013250 g\/m\u00b2 Alpina\u2026","rel":"","context":"Similar post","img":{"alt_text":"","src":"","width":0,"height":0},"classes":[]},{"id":12,"url":"https:\/\/alpina.ba\/?page_id=12","url_meta":{"origin":14,"position":2},"title":"Unutarnje boje","date":"26\/01\/2017","format":false,"excerpt":"Alpinawei\u00df Das Original Alpinawei\u00df Das Original Najprodavanija Europska unutarnja boja! Unutarnja disperzivna boja vrhunske pokrivnosti, najvi\u0161e klase. Namijenjena za premazivanje zidova, izvanredno prikladna za nove unutarnje premaze kao i premaze kod renoviranja unutarnjih prostora. Pakiranje:Potro\u0161nja: 1 l dostatna za ca. 7,5 m\u00b2 Alpinaweiss Das Original TI Alpina Malerweiss Alpina Malerweiss\u2026","rel":"","context":"Similar post","img":{"alt_text":"","src":"https:\/\/i0.wp.com\/alpina.ba\/wp-content\/uploads\/2019\/02\/Alpinaweiss_Das_Original_10L.jpg?resize=350%2C200&ssl=1","width":350,"height":200},"classes":[]},{"id":13,"url":"https:\/\/alpina.ba\/?page_id=13","url_meta":{"origin":14,"position":3},"title":"Fasadne boje","date":"26\/01\/2017","format":false,"excerpt":"Alpina Expert Fassadenfarbe Fasadna boja posebno pogodna za nove, nepremazane \u017ebuke kao i prilikom renoviranja na starim premazima koji dobro ve\u017eu te \u010dvrstim, nosivim podlogama. Oja\u010danje siloksanom pru\u017ea optimalnu za\u0161titu od vlage odnosno omogu\u0107ava visoku paropropusnost i dovoljnu propusnost CO2. Pakiranje: Bijela 5 l i 15 l, ColorExpress 4,5 l\u2026","rel":"","context":"Similar post","img":{"alt_text":"","src":"","width":0,"height":0},"classes":[]},{"id":38,"url":"https:\/\/alpina.ba\/","url_meta":{"origin":14,"position":4},"title":"Alpina Expert \u2013 100 years of experience","date":"26\/01\/2017","format":false,"excerpt":"Alpina \u2013 najpoznatija \u2018Sam svoj majstor\u2019 boja u Europi Alpina je ve\u0107 desetlje\u0107ima najpoznatija i najprodavanija boja u Njema\u010dkoj, ali dobro prepoznata i u segmentu \u2018Sam svoj majstor\u2019 \u0161irom Europe, zahvaljuju\u0107i svom segmentu boja, lakova i lazura. U ponudi se uz boje, lakove i lazure nalazi i linija proizvoda Alpina\u2026","rel":"","context":"Similar post","img":{"alt_text":"","src":"","width":0,"height":0},"classes":[]},{"id":16,"url":"https:\/\/alpina.ba\/?page_id=16","url_meta":{"origin":14,"position":5},"title":"Lakovi","date":"26\/01\/2017","format":false,"excerpt":"Alpina Uni-Primer Temeljni premaz za unutarnje, vanjske i zapunjuju\u0107e premaze koji dobro ve\u017ee. Pogodan za drvo, metal, lesonit i ivericu, kao i za nosive stare premaze. Brzo se su\u0161i i mo\u017ee se univerzalno premazivati. Potro\u0161nja: ca. 100 ml\/m\u00b2 \u00a0 Alpina Uni Primer TI \u00a0 Alpina\u00a0Direkt auf Rost Za\u0161titni lak za\u2026","rel":"","context":"Similar post","img":{"alt_text":"","src":"","width":0,"height":0},"classes":[]}],"_links":{"self":[{"href":"https:\/\/alpina.ba\/index.php?rest_route=\/wp\/v2\/pages\/14","targetHints":{"allow":["GET"]}}],"collection":[{"href":"https:\/\/alpina.ba\/index.php?rest_route=\/wp\/v2\/pages"}],"about":[{"href":"https:\/\/alpina.ba\/index.php?rest_route=\/wp\/v2\/types\/page"}],"author":[{"embeddable":true,"href":"https:\/\/alpina.ba\/index.php?rest_route=\/wp\/v2\/users\/1"}],"replies":[{"embeddable":true,"href":"https:\/\/alpina.ba\/index.php?rest_route=%2Fwp%2Fv2%2Fcomments&post=14"}],"version-history":[{"count":7,"href":"https:\/\/alpina.ba\/index.php?rest_route=\/wp\/v2\/pages\/14\/revisions"}],"predecessor-version":[{"id":208,"href":"https:\/\/alpina.ba\/index.php?rest_route=\/wp\/v2\/pages\/14\/revisions\/208"}],"wp:attachment":[{"href":"https:\/\/alpina.ba\/index.php?rest_route=%2Fwp%2Fv2%2Fmedia&parent=14"}],"curies":[{"name":"wp","href":"https:\/\/api.w.org\/{rel}","templated":true}]}}